pose 6 = 2*c + c. Suppose 92 = -3*s + 2*u, s = u - c*u - 34. Let o = s - -58. What is the units digit of o?
6
Let s be (3/(-6))/((-4)/24). Suppose -5*f + s*o + 703 = 0, f - 2*f - 4*o = -136. Suppose -30 = 5*p - f. What is the tens digit of p?
2
Suppose 2*f - 12 = -4. Let y = 8 - f. What is the tens digit of y/((-26)/(-22) - 1)?
2
Suppose -2*g + 3*u = -914, -5*g + 2*g + 1405 = 4*u. What is the hundreds digit of g?
4
Let q = 40 - 39. What is the units digit of 101 + q/(4 + -3)?
2
Suppose 0*k + 346 = 2*k. Suppose 3*o + 4*p - k = -0, -67 = -o + p. What is the tens digit of o?
6
Suppose -13*m - 93 = -10*m. Let y = -20 - m. Suppose -l + 5 = 0, -5*j + 5*l = y - 131. What is the tens digit of j?
2
Let k(i) be the second derivative of -i**4/24 + 5*i**3/6 + 2*i**2 - i. Let t(b) be the first derivative of k(b). What is the units digit of t(-6)?
1
Suppose 3*u + 4 + 12 = v, 0 = -2*v - 5*u - 23. Let j be (-1)/((-3)/(-6)*v). What is the units digit of ((-31)/j)/(8/16)?
1
Suppose -3*p = -5*s + 15, -2*s = -5*p + 3*s - 15. Let v be (2 - p) + -5 + -21. What is the units digit of (v/16)/((-6)/8)?
2
Let r = 2588 + -1298. What is the units digit of r?
0
Suppose -5*n + 707 = 5*v - 608, 2*n - 508 = 4*v. Suppose 6*q = q + n. What is the tens digit of q?
5
Suppose 0*c - 5*l + 155 = -5*c, 2*c = -l - 50. Let r = c - -53. What is the tens digit of r?
2
Let x be (-4)/(-16) - 14/(-8). Let r(d) = 1 + 41*d**2 + d + 0*d - x. What is the tens digit of r(1)?
4
Let n(a) = 5*a**2 + 3*a - 7. Let j be n(4). Suppose 0 = 5*b - 20 + j. Let q = 43 - b. What is the tens digit of q?
5
Let j be (-2)/(-12) - (-8)/((-48)/(-2465)). Suppose 6*i + 33 = j. What is the tens digit of i?
6
What is the tens digit of (-10)/(-100) - 8809/(-10)?
8
Suppose 0 = 5*w - 4*w + 180. Let s = w + 271. What is the units digit of s?
1
Let w(n) = -1172*n - 18. What is the hundreds digit of w(-1)?
1
Suppose 0*t + 2 = 2*t - 2*p, 4*t + 4*p = 12. Suppose t*i - 892 = -2*i. What is the tens digit of i?
2
Suppose 2*o + 9 = -2*j - 15, -32 = 4*o - 4*j. What is the tens digit of ((-388)/(-10))/(1*(-2)/o)?
9
Suppose 18 + 46 = 4*l + 2*k, 3*l - k = 53. Let s = l - 10. Let j(o) = -o**3 + 8*o**2 - 6*o + 7. What is the units digit of j(s)?
4
Let g(o) = o**2 - 40*o + 468. What is the tens digit of g(24)?
8
What is the tens digit of 367 + -21*(-2)/6?
7
Let l = 539 - -205. What is the tens digit of l?
4
Let g = 29 - 25. Suppose -5*b - 2*n - 38 = 0, 0 = -g*n + 2 - 18. What is the units digit of 94/3 - 4/b?
2
Suppose 2*p = 3*p - 5*i - 49, 3*i + 39 = p. Let c = 52 - 37. Let m = c + p. What is the units digit of m?
9
Let f = -2017 - -3427. What is the hundreds digit of f?
4
Suppose -38 = -5*g + 4*n, 5 = g + 2*n + 3. Let i = 8 - g. Suppose k = -i + 18. What is the tens digit of k?
1
Suppose 3*l - i = 80, -5*l - 2*i - 26 = -152. What is the units digit of 26/(-169) + 810/l?
1
Let g = 6 - 2. Let p = -2 + g. Suppose 107 = 5*a + 4*v, -7*a = -4*a - p*v - 73. What is the tens digit of a?
2
Suppose 0 = -3*k - 175 + 1507. What is the tens digit of k?
4
Let g(d) = -d - 1. Let u be g(-4). Let l(p) = -p + 5. Let w be l(-9). Suppose 0 = -5*b + 5*o + 340, 0 = -2*b + u*o + 155 - w. What is the units digit of b?
3
Suppose 0 = -5*r + 3*p + 12, 0*p + 5*p = 5*r - 10. Suppose -r*k + 7 = 4*s, -3*s = 5*k - 2*k - 9. Suppose u = k*u - 72. What is the units digit of u?
8
Suppose -3072 = 6*m - 12*m. What is the tens digit of m?
1
Let s(z) = -44*z**3 + 2*z**2 + 6*z - 4. Let p(w) = w - 1. Let i(j) = -4*p(j) + s(j). What is the tens digit of i(-1)?
4
Let f = -20 - -19. What is the tens digit of 1 - (-4 + -52 - f)?
5
Let n(u) = u**3 - 6*u**2 + 17*u - 1. What is the units digit of n(8)?
3
Let a = -251 - -1224. What is the units digit of a?
3
Suppose 6*g - 23201 = -6899. What is the tens digit of g?
1
Let x(y) = -y**3 - 16*y**2 - 18*y - 126. What is the tens digit of x(-19)?
9
Let w be -4*(-8 + -3 + 7). Suppose -y = 2*d - 239, -4*y - w + 4 = 0. What is the tens digit of d?
2
Suppose 2*f = -0*f + 12. Let z(c) = 4*c + 96 + 91 + 100 - 281. What is the units digit of z(f)?
0
Let p = 270 + -147. Let f = p - -54. What is the units digit of f?
7
Let g = 111 + 39. What is the tens digit of g?
5
Let w be 6*(5/2)/5. Let n(g) = 3*g. Let f be n(w). Let p = 4 + f. What is the tens digit of p?
1
Let i(g) = 5 - 11*g + 0*g**2 + 2*g**2 + 0*g. Let p be i(8). Suppose 5*a + p = x, x - 3*a = -x + 62. What is the tens digit of x?
2
Let t be (100/75)/((-1)/(-3)). Suppose 0 = -t*b - 4*w + 388, -3*b = -b - 3*w - 189. What is the tens digit of b?
9
Let m(z) = z**2 + z - 4. Let p be m(5). Suppose -3*q + 55 = -p. Suppose -21 = -2*y + q. What is the units digit of y?
4
Let y = -205 - -243. What is the units digit of y?
8
Let r(f) = f**3 - f + 2. Let u be r(1). Suppose -1 - 7 = -u*m, 2*z - 30 = -m. Suppose 0*g = -j - 3*g + z, g + 52 = 4*j. What is the tens digit of j?
1
Let i = 14 + -6. Let p be 3 + (i/2 - 3). Suppose -3*t + p*t - 22 = 0. What is the tens digit of t?
2
Let j be -5*(1 + 0)*-7. Let t = j - 21. Suppose -26 = -m + t. What is the units digit of m?
0
Let o = -11 + 8. Let f be o - (-7 + -1 + 1). Suppose h - f*h + 75 = 0. What is the tens digit of h?
2
Let i be -3*1/(-3) + 213. Let y = i - 152. What is the units digit of y?
2
Let n(f) = f**3 - 6*f**2 + 11*f - 14. What is the hundreds digit of n(10)?
4
Suppose -201 = -5*f + 549. What is the tens digit of (-8)/(-6)*f/20?
1
Let d(n) = n + 49. Let s(c) = -4*c - 198. Let a(p) = 9*d(p) + 2*s(p). What is the tens digit of a(22)?
6
Suppose 2*i + 3*z - 7902 = 0, 3*i + 104*z = 108*z + 11853. What is the tens digit of i?
5
Suppose -1 - 11 = 3*x, 4 = -4*p + 3*x. What is the hundreds digit of (500/24 + p)*6?
1
Let k(q) = -q**3 + 12*q**2 - 10*q - 3. Let p be k(8). Suppose 223*m - p = 222*m. What is the units digit of m?
3
Let i be 193/(3/(-3)*1). Let g = -45 - i. What is the tens digit of g?
4
Let u(m) = -m**3 + 8*m**2 - 5*m - 7. Suppose -2*k = -3*t - 27, -1 - 24 = -5*k - t. What is the tens digit of u(k)?
3
What is the tens digit of (2/(-18)*6)/(1/(-1263))?
4
Let r be 5/(5/154) + 0. Let t be -2 - ((-4 - 151) + 7). Suppose -t = -4*a + r. What is the units digit of a?
5
Suppose 3*q + 5*d - 13 = 0, -4*d + 3*d = 5*q - 29. Let k = 63 - q. What is the tens digit of k?
5
Suppose 0*z - 16 = -2*z. Let i = -3 + z. Suppose 116 = i*b - 2*w, 6*w = 5*b + 2*w - 112. What is the units digit of b?
4
Suppose 4*y + 0 = 8. Let p(s) = -2*s**2 + 3*s - 1. Let c be p(y). Let g = c + 19. What is the tens digit of g?
1
Suppose 0*g = -g + 2. Let b = 12 + g. What is the units digit of 133/b + 2/(-4)?
9
What is the hundreds digit of ((-5)/2)/((-65)/52) + 286?
2
What is the tens digit of ((-4)/8)/((-10)/500)?
2
Let f(a) = 2*a + 40. Let h be f(-24). What is the tens digit of h/(-20) - (-973)/5?
9
Let n(o) be the third derivative of 0*o - 1/2*o**3 - 1/120*o**6 + 0 + 7/60*o**5 - 2*o**2 - 5/24*o**4. What is the units digit of n(6)?
3
Suppose -3*o + 0*n + 90 = 3*n, -4*n = o - 39. What is the tens digit of 79/1 - o/(-9)?
8
Let f be 4 + -1*(3 - 4). Suppose -f*d + 4*d = -5. Suppose -4*w - 2*s = -124, w + d*s = -2*w + 107. What is the tens digit of w?
2
Suppose 6 = 6*s - 3*s. Let h be ((-1024)/48)/(s/(-3)). Let c = 70 - h. What is the tens digit of c?
3
Let k = 379 + -164. What is the units digit of k?
5
Let o(s) = 2*s**3 - 2*s + 3. Let p be o(2). Let d = p + 59. Suppose 14 = 4*a - d. What is the units digit of a?
2
Let l be 1*(-4 - (2 + -4)). Let o be l + -12 + 3 + 1. What is the tens digit of 69/(4 - o/(-4))?
4
Let z(x) = -x**2 + 8*x - 8. Let s be z(3). Suppose 486 = s*n - n. What is the units digit of n?
1
Let d = -27 - -713. What is the hundreds digit of d?
6
Suppose 2*q = 34 - 6. Let y = 2 + q. Suppose -60 = -4*x + y. What is the tens digit of x?
1
Let r be 15/2*(-24)/(-10). Let s(t) = t**3 - 19*t**2 + 22*t - 8. What is the units digit of s(r)?
4
Let a(p) = p**2 - 8*p + 8. Let b be a(7). Suppose q - b + 0 = -s, q = -4*s - 2. Let n = 49 - q. What is the tens digit of n?
4
Let k(l) = -l - 14. Let y be k(-12). Let b = 6 - 4. What is the units digit of (-22)/y*b + -2?
0
Suppose 0 = 11*w - 14306 - 19585. What is the tens digit of w?
8
Suppose 10*m = -4*p + 5*m + 2, 3*p + 4*m = 1. Let o(b) = 29*b - 10. What is the units digit of o(p)?
7
Suppose 354 = 17*u - 88. Suppose 3*z - 3*y = -y +